 540?
108
What is the greatest common divisor of 7382 and 2?
2
What is the greatest common divisor of 115 and 45?
5
What is the highest common divisor of 333 and 648?
9
Calculate the greatest common factor of 15610 and 70.
70
Calculate the greatest common factor of 208 and 176.
16
Calculate the greatest common factor of 14 and 1652.
14
What is the highest common divisor of 40 and 6?
2
Calculate the highest common divisor of 135 and 180.
45
What is the greatest common factor of 95 and 1045?
95
What is the highest common factor of 588 and 252?
84
Calculate the highest common factor of 391 and 187.
17
What is the highest common divisor of 28 and 4676?
28
Calculate the highest common factor of 22 and 32.
2
Calculate the greatest common divisor of 60 and 1845.
15
Calculate the highest common factor of 75 and 7275.
75
What is the highest common divisor of 986 and 87?
29
Calculate the highest common factor of 42 and 10038.
42
What is the greatest common divisor of 49565 and 115?
115
Calculate the highest common divisor of 342 and 190.
38
What is the highest common factor of 342 and 57114?
342
Calculate the highest common factor of 125 and 77375.
125
What is the highest common factor of 594 and 1458?
54
What is the highest common divisor of 93 and 7688?
31
Calculate the highest common divisor of 28 and 301.
7
Calculate the greatest common divisor of 395 and 5.
5
What is the greatest common factor of 594 and 66?
66
What is the greatest common divisor of 65 and 15?
5
Calculate the highest common factor of 360 and 56.
8
Calculate the highest common factor of 376 and 25192.
376
What is the highest common divisor of 24 and 64?
8
What is the greatest common divisor of 5929 and 11?
11
What is the highest common factor of 22 and 14?
2
What is the highest common factor of 48 and 24?
24
Calculate the highest common factor of 2691 and 117.
117
Calculate the highest common factor of 1280 and 10.
10
Calculate the highest common divisor of 11 and 1243.
11
Calculate the highest common factor of 178 and 14774.
178
Calculate the greatest common divisor of 34 and 1207.
17
Calculate the highest common divisor of 9 and 99.
9
Calculate the greatest common divisor of 98 and 6272.
98
What is the greatest common factor of 45 and 423?
9
What is the highest common factor of 43 and 12599?
43
What is the greatest common factor of 23 and 8303?
23
What is the highest common factor of 752 and 4606?
94
What is the greatest common factor of 10235 and 115?
115
Calculate the greatest common divisor of 56 and 3584.
56
Calculate the greatest common factor of 98 and 2548.
98
Calculate the greatest common divisor of 33 and 1617.
33
What is the highest common divisor of 18 and 1314?
18
What is the highest common divisor of 39 and 481?
13
Calculate the highest common factor of 167 and 21209.
167
Calculate the greatest common divisor of 48212 and 204.
68
What is the greatest common factor of 1074 and 24?
6
What is the greatest common divisor of 14 and 63?
7
What is the highest common divisor of 136 and 16?
8
What is the greatest common divisor of 3180 and 32?
4
Calculate the highest common factor of 60 and 160.
20
What is the greatest common divisor of 1206 and 12?
6
Calculate the greatest common factor of 4 and 316.
4
Calculate the highest common divisor of 4 and 12.
4
What is the highest common divisor of 20 and 220?
20
Calculate the highest common divisor of 3589 and 97.
97
Calculate the greatest common divisor of 2826 and 36.
18
Calculate the highest common factor of 3388 and 396.
44
What is the greatest common divisor of 954 and 36?
18
Calculate the highest common factor of 13 and 10946.
13
Calculate the highest common divisor of 24470 and 20.
10
What is the greatest common divisor of 19 and 163?
1
Calculate the greatest common divisor of 55 and 132.
11
Calculate the highest common factor of 113 and 113.
113
Calculate the greatest common divisor of 1632 and 68.
68
What is the greatest common divisor of 14 and 3934?
14
Calculate the highest common divisor of 15 and 36.
3
What is the highest common factor of 21 and 35742?
21
Calculate the highest common divisor of 266 and 152.
38
What is the greatest common factor of 297 and 3861?
297
Calculate the highest common factor of 58 and 3480.
58
What is the greatest common factor of 1050 and 42?
42
What is the highest common divisor of 11796 and 108?
12
Calculate the highest common factor of 35 and 168.
7
Calculate the highest common divisor of 2440 and 61.
61
What is the greatest common divisor of 308 and 1463?
77
What is the greatest common factor of 21 and 581?
7
What is the greatest common factor of 19 and 304?
19
What is the greatest common divisor of 259 and 74?
37
Calculate the greatest common divisor of 350 and 1015.
35
Calculate the greatest common factor of 2952 and 72.
72
Calculate the greatest common divisor of 12 and 2784.
12
Calculate the highest common factor of 396 and 594.
198
What is the highest common factor of 4 and 16?
4
Calculate the highest common factor of 5 and 19.
1
Calculate the greatest common factor of 85 and 68.
17
Calculate the highest common factor of 16 and 400.
16
What is the highest common factor of 18415 and 10?
5
What is the highest common factor of 99 and 539?
11
Calculate the greatest common divisor of 182 and 119.
7
Calculate the greatest common divisor of 3678 and 6.
6
Calculate the highest common divisor of 5 and 5.
5
What is the greatest common divisor of 175 and 455?
35
Calculate the greatest common divisor of 13 and 23543.
13
What is the highest common divisor of 3980 and 20?
20
Calculate the highest common divisor of 30 and 1866.
6
Calculate the highest common divisor of 546 and 42.
42
What is the greatest common factor of 2544 and 8?
8
What is the highest common divisor of 22 and 10?
2
What is the highest common divisor of 27 and 18?
9
Calculate the highest common factor of 153 and 204.
51
Calculate the highest common factor of 42 and 119.
7
Calculate the highest common factor of 2173 and 164.
41
Calculate the greatest common divisor of 537 and 39.
3
Calculate the highest common factor of 80 and 9650.
10
What is the greatest common divisor of 28 and 10?
2
What is the highest common factor of 88 and 99?
11
Calculate the highest common divisor of 54 and 135.
27
Calculate the greatest common divisor of 826 and 28.
14
Calculate the highest common factor of 4376 and 16.
8
What is the highest common factor of 249 and 166?
83
Calculate the highest common factor of 3330 and 3552.
222
Calculate the greatest common divisor of 86 and 7095.
43
Calculate the highest common factor of 276 and 876.
12
What is the highest common factor of 6206 and 87?
29
What is the highest common divisor of 9 and 60615?
9
What is the greatest common divisor of 9012 and 24?
12
What is the greatest common factor of 576 and 198?
18
Calculate the greatest common divisor of 21 and 10108.
7
What is the greatest common divisor of 186 and 294?
6
What is the greatest common divisor of 98 and 4?
2
Calculate the highest common factor of 15 and 270.
15
Calculate the greatest common divisor of 15 and 60.
15
Calculate the greatest common factor of 11 and 97823.
11
Calculate the greatest common divisor of 12 and 1272.
12
What is the greatest common divisor of 24639 and 258?
129
What is the greatest common divisor of 1387 and 171?
19
Calculate the highest common factor of 161 and 707.
7
What is the highest common divisor of 110 and 935?
55
Calculate the highest common divisor of 23975 and 175.
175
What is the highest common divisor of 128 and 1664?
128
What is the greatest common factor of 118 and 4?
2
Calculate the greatest common divisor of 1044 and 116.
116
Calculate the highest common factor of 30 and 735.
15
Calculate the greatest common factor of 18135 and 90.
45
What is the highest common divisor of 445 and 5251?
89
Calculate the highest common factor of 108 and 468.
36
What is the greatest common divisor of 56 and 7280?
56
What is the highest common divisor of 2 and 46?
2
Calculate the highest common factor of 1 and 73.
1
Calculate the highest common factor of 4887 and 27.
27
What is the greatest common divisor of 24 and 1968?
24
What is the highest common divisor of 32777 and 146?
73
What is the greatest common factor of 2450 and 140?